{"id":397,"date":"2019-03-29T07:55:04","date_gmt":"2019-03-29T07:55:04","guid":{"rendered":"http:\/\/rannakuteraapia.ee\/test\/product\/self-improvement\/"},"modified":"2021-12-09T19:00:23","modified_gmt":"2021-12-09T19:00:23","slug":"self-improvement","status":"publish","type":"product","link":"https:\/\/www.rannakuteraapia.ee\/test\/product\/self-improvement\/","title":{"rendered":"Vibroakustiline massaa\u017e"},"content":{"rendered":"<p>Unikaalne helimassaa\u017e Tiibeti laulvate kaussidega on iidne ravimeetod, mis on meile p\u00e4randatud \u201emaailma katuselt\u201c \u2013 Tiibetist. Tiibeti helikausi vibratsioon aitab leebelt vabastada kehasse kinni j\u00e4\u00e4nud emotsioone ja traumasid, leevendab stressi, pingeid ja valusid. Massaa\u017e loob s\u00fcgavat rahu ja harmooniat, omab energiav\u00e4lja korrastavat, t\u0161akraid tasakaalustavat ja prof\u00fclaktilist toimet. Sobib kokku teiste teraapiatega toetades leebelt tervenemist. Naudingut ja l\u00f5dvestust, mida massaa\u017e pakub, peab ise kogema!<\/p>\n","protected":false},"excerpt":{"rendered":"<p>Unikaalne helimassaa\u017e Tiibeti laulvate kaussidega on iidne ravimeetod, mis on meile p\u00e4randatud \u201emaailma katuselt\u201c \u2013 Tiibetist. Tiibeti helikausi vibratsioon aitab leebelt vabastada kehasse kinni j\u00e4\u00e4nud emotsioone ja traumasid, leevendab stressi, pingeid ja valusid. Massaa\u017e loob s\u00fcgavat rahu ja harmooniat, omab energiav\u00e4lja korrastavat, t\u0161akraid tasakaalustavat ja prof\u00fclaktilist toimet. Sobib kokku teiste teraapiatega toetades leebelt tervenemist. Naudingut ja l\u00f5dvestust, mida massaa\u017e pakub, peab ise kogema!<\/p>\n<p>Varu teraapiaks aega 1 tund.<\/p>\n","protected":false},"featured_media":1166,"template":"","meta":[],"product_brand":[],"product_cat":[21],"product_tag":[],"class_list":{"0":"post-397","1":"product","2":"type-product","3":"status-publish","4":"has-post-thumbnail","6":"product_cat-coaching","8":"first","9":"instock","10":"shipping-taxable","11":"purchasable","12":"product-type-simple"},"yoast_head":"<!-- This site is optimized with the Yoast SEO plugin v27.3 - https:\/\/yoast.com\/product\/yoast-seo-wordpress\/ -->\n<title>Vibroakustiline massaa\u017e - R\u00c4NNAKUTERAAPIA<\/title>\n<meta name=\"description\" content=\"Vibroakustiline massaa\u017e Tiibeti helikausid\" \/>\n<meta name=\"robots\" content=\"index, follow, max-snippet:-1, max-image-preview:large, max-video-preview:-1\" \/>\n<link rel=\"canonical\" href=\"https:\/\/www.rannakuteraapia.ee\/test\/product\/self-improvement\/\" \/>\n<meta property=\"og:locale\" content=\"et_EE\" \/>\n<meta property=\"og:type\" content=\"article\" \/>\n<meta property=\"og:title\" content=\"Vibroakustiline massaa\u017e - R\u00c4NNAKUTERAAPIA\" \/>\n<meta property=\"og:description\" content=\"Vibroakustiline massaa\u017e Tiibeti helikausid\" \/>\n<meta property=\"og:url\" content=\"https:\/\/www.rannakuteraapia.ee\/test\/product\/self-improvement\/\" \/>\n<meta property=\"og:site_name\" content=\"R\u00c4NNAKUTERAAPIA\" \/>\n<meta property=\"article:modified_time\" content=\"2021-12-09T19:00:23+00:00\" \/>\n<meta property=\"og:image\" content=\"https:\/\/www.rannakuteraapia.ee\/test\/wp-content\/uploads\/2019\/03\/Nida_-10.jpg\" \/>\n\t<meta property=\"og:image:width\" content=\"2119\" \/>\n\t<meta property=\"og:image:height\" content=\"1415\" \/>\n\t<meta property=\"og:image:type\" content=\"image\/jpeg\" \/>\n<meta name=\"twitter:card\" content=\"summary_large_image\" \/>\n<meta name=\"twitter:label1\" content=\"Est. reading time\" \/>\n\t<meta name=\"twitter:data1\" content=\"1 minut\" \/>\n<script type=\"application\/ld+json\" class=\"yoast-schema-graph\">{\"@context\":\"https:\\\/\\\/schema.org\",\"@graph\":[{\"@type\":\"WebPage\",\"@id\":\"https:\\\/\\\/www.rannakuteraapia.ee\\\/test\\\/product\\\/self-improvement\\\/\",\"url\":\"https:\\\/\\\/www.rannakuteraapia.ee\\\/test\\\/product\\\/self-improvement\\\/\",\"name\":\"Vibroakustiline massaa\u017e - R\u00c4NNAKUTERAAPIA\",\"isPartOf\":{\"@id\":\"https:\\\/\\\/www.rannakuteraapia.ee\\\/test\\\/#website\"},\"primaryImageOfPage\":{\"@id\":\"https:\\\/\\\/www.rannakuteraapia.ee\\\/test\\\/product\\\/self-improvement\\\/#primaryimage\"},\"image\":{\"@id\":\"https:\\\/\\\/www.rannakuteraapia.ee\\\/test\\\/product\\\/self-improvement\\\/#primaryimage\"},\"thumbnailUrl\":\"https:\\\/\\\/www.rannakuteraapia.ee\\\/test\\\/wp-content\\\/uploads\\\/2019\\\/03\\\/Nida_-10.jpg\",\"datePublished\":\"2019-03-29T07:55:04+00:00\",\"dateModified\":\"2021-12-09T19:00:23+00:00\",\"description\":\"Vibroakustiline massaa\u017e Tiibeti helikausid\",\"breadcrumb\":{\"@id\":\"https:\\\/\\\/www.rannakuteraapia.ee\\\/test\\\/product\\\/self-improvement\\\/#breadcrumb\"},\"inLanguage\":\"et\",\"potentialAction\":[{\"@type\":\"ReadAction\",\"target\":[\"https:\\\/\\\/www.rannakuteraapia.ee\\\/test\\\/product\\\/self-improvement\\\/\"]}]},{\"@type\":\"ImageObject\",\"inLanguage\":\"et\",\"@id\":\"https:\\\/\\\/www.rannakuteraapia.ee\\\/test\\\/product\\\/self-improvement\\\/#primaryimage\",\"url\":\"https:\\\/\\\/www.rannakuteraapia.ee\\\/test\\\/wp-content\\\/uploads\\\/2019\\\/03\\\/Nida_-10.jpg\",\"contentUrl\":\"https:\\\/\\\/www.rannakuteraapia.ee\\\/test\\\/wp-content\\\/uploads\\\/2019\\\/03\\\/Nida_-10.jpg\",\"width\":2119,\"height\":1415},{\"@type\":\"BreadcrumbList\",\"@id\":\"https:\\\/\\\/www.rannakuteraapia.ee\\\/test\\\/product\\\/self-improvement\\\/#breadcrumb\",\"itemListElement\":[{\"@type\":\"ListItem\",\"position\":1,\"name\":\"Home\",\"item\":\"https:\\\/\\\/www.rannakuteraapia.ee\\\/test\\\/\"},{\"@type\":\"ListItem\",\"position\":2,\"name\":\"Tooted\",\"item\":\"https:\\\/\\\/www.rannakuteraapia.ee\\\/test\\\/shop-2\\\/\"},{\"@type\":\"ListItem\",\"position\":3,\"name\":\"Vibroakustiline massaa\u017e\"}]},{\"@type\":\"WebSite\",\"@id\":\"https:\\\/\\\/www.rannakuteraapia.ee\\\/test\\\/#website\",\"url\":\"https:\\\/\\\/www.rannakuteraapia.ee\\\/test\\\/\",\"name\":\"R\u00c4NNAKUTERAAPIA\",\"description\":\"Tervendavad r\u00e4nnakud sisemaailma\",\"publisher\":{\"@id\":\"https:\\\/\\\/www.rannakuteraapia.ee\\\/test\\\/#organization\"},\"potentialAction\":[{\"@type\":\"SearchAction\",\"target\":{\"@type\":\"EntryPoint\",\"urlTemplate\":\"https:\\\/\\\/www.rannakuteraapia.ee\\\/test\\\/?s={search_term_string}\"},\"query-input\":{\"@type\":\"PropertyValueSpecification\",\"valueRequired\":true,\"valueName\":\"search_term_string\"}}],\"inLanguage\":\"et\"},{\"@type\":\"Organization\",\"@id\":\"https:\\\/\\\/www.rannakuteraapia.ee\\\/test\\\/#organization\",\"name\":\"R\u00c4NNAKUTERAAPIA\",\"url\":\"https:\\\/\\\/www.rannakuteraapia.ee\\\/test\\\/\",\"logo\":{\"@type\":\"ImageObject\",\"inLanguage\":\"et\",\"@id\":\"https:\\\/\\\/www.rannakuteraapia.ee\\\/test\\\/#\\\/schema\\\/logo\\\/image\\\/\",\"url\":\"https:\\\/\\\/www.rannakuteraapia.ee\\\/test\\\/wp-content\\\/uploads\\\/2019\\\/04\\\/life-coach-flower-logo.png\",\"contentUrl\":\"https:\\\/\\\/www.rannakuteraapia.ee\\\/test\\\/wp-content\\\/uploads\\\/2019\\\/04\\\/life-coach-flower-logo.png\",\"width\":60,\"height\":68,\"caption\":\"R\u00c4NNAKUTERAAPIA\"},\"image\":{\"@id\":\"https:\\\/\\\/www.rannakuteraapia.ee\\\/test\\\/#\\\/schema\\\/logo\\\/image\\\/\"}}]}<\/script>\n<!-- \/ Yoast SEO plugin. -->","yoast_head_json":{"title":"Vibroakustiline massaa\u017e - R\u00c4NNAKUTERAAPIA","description":"Vibroakustiline massaa\u017e Tiibeti helikausid","robots":{"index":"index","follow":"follow","max-snippet":"max-snippet:-1","max-image-preview":"max-image-preview:large","max-video-preview":"max-video-preview:-1"},"canonical":"https:\/\/www.rannakuteraapia.ee\/test\/product\/self-improvement\/","og_locale":"et_EE","og_type":"article","og_title":"Vibroakustiline massaa\u017e - R\u00c4NNAKUTERAAPIA","og_description":"Vibroakustiline massaa\u017e Tiibeti helikausid","og_url":"https:\/\/www.rannakuteraapia.ee\/test\/product\/self-improvement\/","og_site_name":"R\u00c4NNAKUTERAAPIA","article_modified_time":"2021-12-09T19:00:23+00:00","og_image":[{"width":2119,"height":1415,"url":"https:\/\/www.rannakuteraapia.ee\/test\/wp-content\/uploads\/2019\/03\/Nida_-10.jpg","type":"image\/jpeg"}],"twitter_card":"summary_large_image","twitter_misc":{"Est. reading time":"1 minut"},"schema":{"@context":"https:\/\/schema.org","@graph":[{"@type":"WebPage","@id":"https:\/\/www.rannakuteraapia.ee\/test\/product\/self-improvement\/","url":"https:\/\/www.rannakuteraapia.ee\/test\/product\/self-improvement\/","name":"Vibroakustiline massaa\u017e - R\u00c4NNAKUTERAAPIA","isPartOf":{"@id":"https:\/\/www.rannakuteraapia.ee\/test\/#website"},"primaryImageOfPage":{"@id":"https:\/\/www.rannakuteraapia.ee\/test\/product\/self-improvement\/#primaryimage"},"image":{"@id":"https:\/\/www.rannakuteraapia.ee\/test\/product\/self-improvement\/#primaryimage"},"thumbnailUrl":"https:\/\/www.rannakuteraapia.ee\/test\/wp-content\/uploads\/2019\/03\/Nida_-10.jpg","datePublished":"2019-03-29T07:55:04+00:00","dateModified":"2021-12-09T19:00:23+00:00","description":"Vibroakustiline massaa\u017e Tiibeti helikausid","breadcrumb":{"@id":"https:\/\/www.rannakuteraapia.ee\/test\/product\/self-improvement\/#breadcrumb"},"inLanguage":"et","potentialAction":[{"@type":"ReadAction","target":["https:\/\/www.rannakuteraapia.ee\/test\/product\/self-improvement\/"]}]},{"@type":"ImageObject","inLanguage":"et","@id":"https:\/\/www.rannakuteraapia.ee\/test\/product\/self-improvement\/#primaryimage","url":"https:\/\/www.rannakuteraapia.ee\/test\/wp-content\/uploads\/2019\/03\/Nida_-10.jpg","contentUrl":"https:\/\/www.rannakuteraapia.ee\/test\/wp-content\/uploads\/2019\/03\/Nida_-10.jpg","width":2119,"height":1415},{"@type":"BreadcrumbList","@id":"https:\/\/www.rannakuteraapia.ee\/test\/product\/self-improvement\/#breadcrumb","itemListElement":[{"@type":"ListItem","position":1,"name":"Home","item":"https:\/\/www.rannakuteraapia.ee\/test\/"},{"@type":"ListItem","position":2,"name":"Tooted","item":"https:\/\/www.rannakuteraapia.ee\/test\/shop-2\/"},{"@type":"ListItem","position":3,"name":"Vibroakustiline massaa\u017e"}]},{"@type":"WebSite","@id":"https:\/\/www.rannakuteraapia.ee\/test\/#website","url":"https:\/\/www.rannakuteraapia.ee\/test\/","name":"R\u00c4NNAKUTERAAPIA","description":"Tervendavad r\u00e4nnakud sisemaailma","publisher":{"@id":"https:\/\/www.rannakuteraapia.ee\/test\/#organization"},"potentialAction":[{"@type":"SearchAction","target":{"@type":"EntryPoint","urlTemplate":"https:\/\/www.rannakuteraapia.ee\/test\/?s={search_term_string}"},"query-input":{"@type":"PropertyValueSpecification","valueRequired":true,"valueName":"search_term_string"}}],"inLanguage":"et"},{"@type":"Organization","@id":"https:\/\/www.rannakuteraapia.ee\/test\/#organization","name":"R\u00c4NNAKUTERAAPIA","url":"https:\/\/www.rannakuteraapia.ee\/test\/","logo":{"@type":"ImageObject","inLanguage":"et","@id":"https:\/\/www.rannakuteraapia.ee\/test\/#\/schema\/logo\/image\/","url":"https:\/\/www.rannakuteraapia.ee\/test\/wp-content\/uploads\/2019\/04\/life-coach-flower-logo.png","contentUrl":"https:\/\/www.rannakuteraapia.ee\/test\/wp-content\/uploads\/2019\/04\/life-coach-flower-logo.png","width":60,"height":68,"caption":"R\u00c4NNAKUTERAAPIA"},"image":{"@id":"https:\/\/www.rannakuteraapia.ee\/test\/#\/schema\/logo\/image\/"}}]}},"_links":{"self":[{"href":"https:\/\/www.rannakuteraapia.ee\/test\/wp-json\/wp\/v2\/product\/397","targetHints":{"allow":["GET"]}}],"collection":[{"href":"https:\/\/www.rannakuteraapia.ee\/test\/wp-json\/wp\/v2\/product"}],"about":[{"href":"https:\/\/www.rannakuteraapia.ee\/test\/wp-json\/wp\/v2\/types\/product"}],"wp:featuredmedia":[{"embeddable":true,"href":"https:\/\/www.rannakuteraapia.ee\/test\/wp-json\/wp\/v2\/media\/1166"}],"wp:attachment":[{"href":"https:\/\/www.rannakuteraapia.ee\/test\/wp-json\/wp\/v2\/media?parent=397"}],"wp:term":[{"taxonomy":"product_brand","embeddable":true,"href":"https:\/\/www.rannakuteraapia.ee\/test\/wp-json\/wp\/v2\/product_brand?post=397"},{"taxonomy":"product_cat","embeddable":true,"href":"https:\/\/www.rannakuteraapia.ee\/test\/wp-json\/wp\/v2\/product_cat?post=397"},{"taxonomy":"product_tag","embeddable":true,"href":"https:\/\/www.rannakuteraapia.ee\/test\/wp-json\/wp\/v2\/product_tag?post=397"}],"curies":[{"name":"wp","href":"https:\/\/api.w.org\/{rel}","templated":true}]}}