{"id":398,"date":"2019-03-29T07:57:10","date_gmt":"2019-03-29T07:57:10","guid":{"rendered":"http:\/\/rannakuteraapia.ee\/test\/product\/couples-guidance\/"},"modified":"2021-12-09T19:22:26","modified_gmt":"2021-12-09T19:22:26","slug":"couples-guidance","status":"publish","type":"product","link":"https:\/\/www.rannakuteraapia.ee\/test\/product\/couples-guidance\/","title":{"rendered":"\u0160amaanir\u00e4nnak trummiga"},"content":{"rendered":"<p>Raskete \u00fcleelamiste, trauma, stressi, katkiste suhete tulemusena kaduma l\u00e4inud hingeosade tagasitoomine.<\/p>\n<p>Toimetulek leinaga, lahkunute hingede \u00e4rasaatmine, suhtlemine esivanemate hingedega.<\/p>\n<p>Tervise, v\u00e4e, eluj\u00f5u, juhatuse, n\u00f5u k\u00fcsimine vaimabiliste toel.<\/p>\n<p>Varu r\u00e4nnakuks aega 1 tund.<\/p>\n","protected":false},"excerpt":{"rendered":"<p>Raskete \u00fcleelamiste, trauma, stressi, katkiste suhete tulemusena kaduma l\u00e4inud hingeosade tagasitoomine.<\/p>\n<p>Toimetulek leinaga, lahkunute hingede \u00e4rasaatmine, suhtlemine esivanemate hingedega.<\/p>\n<p>Tervise, v\u00e4e, eluj\u00f5u, juhatuse, n\u00f5u k\u00fcsimine vaimabiliste toel.<\/p>\n","protected":false},"featured_media":1133,"template":"","meta":[],"product_brand":[],"product_cat":[21],"product_tag":[],"class_list":{"0":"post-398","1":"product","2":"type-product","3":"status-publish","4":"has-post-thumbnail","6":"product_cat-coaching","8":"first","9":"instock","10":"shipping-taxable","11":"purchasable","12":"product-type-simple"},"yoast_head":"<!-- This site is optimized with the Yoast SEO plugin v27.3 - https:\/\/yoast.com\/product\/yoast-seo-wordpress\/ -->\n<title>\u0160amaanir\u00e4nnak trummiga - R\u00c4NNAKUTERAAPIA<\/title>\n<meta name=\"robots\" content=\"index, follow, max-snippet:-1, max-image-preview:large, max-video-preview:-1\" \/>\n<link rel=\"canonical\" href=\"https:\/\/www.rannakuteraapia.ee\/test\/product\/couples-guidance\/\" \/>\n<meta property=\"og:locale\" content=\"et_EE\" \/>\n<meta property=\"og:type\" content=\"article\" \/>\n<meta property=\"og:title\" content=\"\u0160amaanir\u00e4nnak trummiga - R\u00c4NNAKUTERAAPIA\" \/>\n<meta property=\"og:description\" content=\"Raskete \u00fcleelamiste, trauma, stressi, katkiste suhete tulemusena kaduma l\u00e4inud hingeosade tagasitoomine.  Toimetulek leinaga, lahkunute hingede \u00e4rasaatmine, suhtlemine esivanemate hingedega.  Tervise, v\u00e4e, eluj\u00f5u, juhatuse, n\u00f5u k\u00fcsimine vaimabiliste toel.\" \/>\n<meta property=\"og:url\" content=\"https:\/\/www.rannakuteraapia.ee\/test\/product\/couples-guidance\/\" \/>\n<meta property=\"og:site_name\" content=\"R\u00c4NNAKUTERAAPIA\" \/>\n<meta property=\"article:modified_time\" content=\"2021-12-09T19:22:26+00:00\" \/>\n<meta property=\"og:image\" content=\"https:\/\/www.rannakuteraapia.ee\/test\/wp-content\/uploads\/2019\/04\/ING5463-2-scaled.jpg\" \/>\n\t<meta property=\"og:image:width\" content=\"2560\" \/>\n\t<meta property=\"og:image:height\" content=\"1707\" \/>\n\t<meta property=\"og:image:type\" content=\"image\/jpeg\" \/>\n<meta name=\"twitter:card\" content=\"summary_large_image\" \/>\n<meta name=\"twitter:label1\" content=\"Est. reading time\" \/>\n\t<meta name=\"twitter:data1\" content=\"1 minut\" \/>\n<script type=\"application\/ld+json\" class=\"yoast-schema-graph\">{\"@context\":\"https:\\\/\\\/schema.org\",\"@graph\":[{\"@type\":\"WebPage\",\"@id\":\"https:\\\/\\\/www.rannakuteraapia.ee\\\/test\\\/product\\\/couples-guidance\\\/\",\"url\":\"https:\\\/\\\/www.rannakuteraapia.ee\\\/test\\\/product\\\/couples-guidance\\\/\",\"name\":\"\u0160amaanir\u00e4nnak trummiga - R\u00c4NNAKUTERAAPIA\",\"isPartOf\":{\"@id\":\"https:\\\/\\\/www.rannakuteraapia.ee\\\/test\\\/#website\"},\"primaryImageOfPage\":{\"@id\":\"https:\\\/\\\/www.rannakuteraapia.ee\\\/test\\\/product\\\/couples-guidance\\\/#primaryimage\"},\"image\":{\"@id\":\"https:\\\/\\\/www.rannakuteraapia.ee\\\/test\\\/product\\\/couples-guidance\\\/#primaryimage\"},\"thumbnailUrl\":\"https:\\\/\\\/www.rannakuteraapia.ee\\\/test\\\/wp-content\\\/uploads\\\/2019\\\/04\\\/ING5463-2-scaled.jpg\",\"datePublished\":\"2019-03-29T07:57:10+00:00\",\"dateModified\":\"2021-12-09T19:22:26+00:00\",\"breadcrumb\":{\"@id\":\"https:\\\/\\\/www.rannakuteraapia.ee\\\/test\\\/product\\\/couples-guidance\\\/#breadcrumb\"},\"inLanguage\":\"et\",\"potentialAction\":[{\"@type\":\"ReadAction\",\"target\":[\"https:\\\/\\\/www.rannakuteraapia.ee\\\/test\\\/product\\\/couples-guidance\\\/\"]}]},{\"@type\":\"ImageObject\",\"inLanguage\":\"et\",\"@id\":\"https:\\\/\\\/www.rannakuteraapia.ee\\\/test\\\/product\\\/couples-guidance\\\/#primaryimage\",\"url\":\"https:\\\/\\\/www.rannakuteraapia.ee\\\/test\\\/wp-content\\\/uploads\\\/2019\\\/04\\\/ING5463-2-scaled.jpg\",\"contentUrl\":\"https:\\\/\\\/www.rannakuteraapia.ee\\\/test\\\/wp-content\\\/uploads\\\/2019\\\/04\\\/ING5463-2-scaled.jpg\",\"width\":2560,\"height\":1707,\"caption\":\"R\u00e4nnakuteraapia\"},{\"@type\":\"BreadcrumbList\",\"@id\":\"https:\\\/\\\/www.rannakuteraapia.ee\\\/test\\\/product\\\/couples-guidance\\\/#breadcrumb\",\"itemListElement\":[{\"@type\":\"ListItem\",\"position\":1,\"name\":\"Home\",\"item\":\"https:\\\/\\\/www.rannakuteraapia.ee\\\/test\\\/\"},{\"@type\":\"ListItem\",\"position\":2,\"name\":\"Tooted\",\"item\":\"https:\\\/\\\/www.rannakuteraapia.ee\\\/test\\\/shop-2\\\/\"},{\"@type\":\"ListItem\",\"position\":3,\"name\":\"\u0160amaanir\u00e4nnak trummiga\"}]},{\"@type\":\"WebSite\",\"@id\":\"https:\\\/\\\/www.rannakuteraapia.ee\\\/test\\\/#website\",\"url\":\"https:\\\/\\\/www.rannakuteraapia.ee\\\/test\\\/\",\"name\":\"R\u00c4NNAKUTERAAPIA\",\"description\":\"Tervendavad r\u00e4nnakud sisemaailma\",\"publisher\":{\"@id\":\"https:\\\/\\\/www.rannakuteraapia.ee\\\/test\\\/#organization\"},\"potentialAction\":[{\"@type\":\"SearchAction\",\"target\":{\"@type\":\"EntryPoint\",\"urlTemplate\":\"https:\\\/\\\/www.rannakuteraapia.ee\\\/test\\\/?s={search_term_string}\"},\"query-input\":{\"@type\":\"PropertyValueSpecification\",\"valueRequired\":true,\"valueName\":\"search_term_string\"}}],\"inLanguage\":\"et\"},{\"@type\":\"Organization\",\"@id\":\"https:\\\/\\\/www.rannakuteraapia.ee\\\/test\\\/#organization\",\"name\":\"R\u00c4NNAKUTERAAPIA\",\"url\":\"https:\\\/\\\/www.rannakuteraapia.ee\\\/test\\\/\",\"logo\":{\"@type\":\"ImageObject\",\"inLanguage\":\"et\",\"@id\":\"https:\\\/\\\/www.rannakuteraapia.ee\\\/test\\\/#\\\/schema\\\/logo\\\/image\\\/\",\"url\":\"https:\\\/\\\/www.rannakuteraapia.ee\\\/test\\\/wp-content\\\/uploads\\\/2019\\\/04\\\/life-coach-flower-logo.png\",\"contentUrl\":\"https:\\\/\\\/www.rannakuteraapia.ee\\\/test\\\/wp-content\\\/uploads\\\/2019\\\/04\\\/life-coach-flower-logo.png\",\"width\":60,\"height\":68,\"caption\":\"R\u00c4NNAKUTERAAPIA\"},\"image\":{\"@id\":\"https:\\\/\\\/www.rannakuteraapia.ee\\\/test\\\/#\\\/schema\\\/logo\\\/image\\\/\"}}]}<\/script>\n<!-- \/ Yoast SEO plugin. -->","yoast_head_json":{"title":"\u0160amaanir\u00e4nnak trummiga - R\u00c4NNAKUTERAAPIA","robots":{"index":"index","follow":"follow","max-snippet":"max-snippet:-1","max-image-preview":"max-image-preview:large","max-video-preview":"max-video-preview:-1"},"canonical":"https:\/\/www.rannakuteraapia.ee\/test\/product\/couples-guidance\/","og_locale":"et_EE","og_type":"article","og_title":"\u0160amaanir\u00e4nnak trummiga - R\u00c4NNAKUTERAAPIA","og_description":"Raskete \u00fcleelamiste, trauma, stressi, katkiste suhete tulemusena kaduma l\u00e4inud hingeosade tagasitoomine.  Toimetulek leinaga, lahkunute hingede \u00e4rasaatmine, suhtlemine esivanemate hingedega.  Tervise, v\u00e4e, eluj\u00f5u, juhatuse, n\u00f5u k\u00fcsimine vaimabiliste toel.","og_url":"https:\/\/www.rannakuteraapia.ee\/test\/product\/couples-guidance\/","og_site_name":"R\u00c4NNAKUTERAAPIA","article_modified_time":"2021-12-09T19:22:26+00:00","og_image":[{"width":2560,"height":1707,"url":"https:\/\/www.rannakuteraapia.ee\/test\/wp-content\/uploads\/2019\/04\/ING5463-2-scaled.jpg","type":"image\/jpeg"}],"twitter_card":"summary_large_image","twitter_misc":{"Est. reading time":"1 minut"},"schema":{"@context":"https:\/\/schema.org","@graph":[{"@type":"WebPage","@id":"https:\/\/www.rannakuteraapia.ee\/test\/product\/couples-guidance\/","url":"https:\/\/www.rannakuteraapia.ee\/test\/product\/couples-guidance\/","name":"\u0160amaanir\u00e4nnak trummiga - R\u00c4NNAKUTERAAPIA","isPartOf":{"@id":"https:\/\/www.rannakuteraapia.ee\/test\/#website"},"primaryImageOfPage":{"@id":"https:\/\/www.rannakuteraapia.ee\/test\/product\/couples-guidance\/#primaryimage"},"image":{"@id":"https:\/\/www.rannakuteraapia.ee\/test\/product\/couples-guidance\/#primaryimage"},"thumbnailUrl":"https:\/\/www.rannakuteraapia.ee\/test\/wp-content\/uploads\/2019\/04\/ING5463-2-scaled.jpg","datePublished":"2019-03-29T07:57:10+00:00","dateModified":"2021-12-09T19:22:26+00:00","breadcrumb":{"@id":"https:\/\/www.rannakuteraapia.ee\/test\/product\/couples-guidance\/#breadcrumb"},"inLanguage":"et","potentialAction":[{"@type":"ReadAction","target":["https:\/\/www.rannakuteraapia.ee\/test\/product\/couples-guidance\/"]}]},{"@type":"ImageObject","inLanguage":"et","@id":"https:\/\/www.rannakuteraapia.ee\/test\/product\/couples-guidance\/#primaryimage","url":"https:\/\/www.rannakuteraapia.ee\/test\/wp-content\/uploads\/2019\/04\/ING5463-2-scaled.jpg","contentUrl":"https:\/\/www.rannakuteraapia.ee\/test\/wp-content\/uploads\/2019\/04\/ING5463-2-scaled.jpg","width":2560,"height":1707,"caption":"R\u00e4nnakuteraapia"},{"@type":"BreadcrumbList","@id":"https:\/\/www.rannakuteraapia.ee\/test\/product\/couples-guidance\/#breadcrumb","itemListElement":[{"@type":"ListItem","position":1,"name":"Home","item":"https:\/\/www.rannakuteraapia.ee\/test\/"},{"@type":"ListItem","position":2,"name":"Tooted","item":"https:\/\/www.rannakuteraapia.ee\/test\/shop-2\/"},{"@type":"ListItem","position":3,"name":"\u0160amaanir\u00e4nnak trummiga"}]},{"@type":"WebSite","@id":"https:\/\/www.rannakuteraapia.ee\/test\/#website","url":"https:\/\/www.rannakuteraapia.ee\/test\/","name":"R\u00c4NNAKUTERAAPIA","description":"Tervendavad r\u00e4nnakud sisemaailma","publisher":{"@id":"https:\/\/www.rannakuteraapia.ee\/test\/#organization"},"potentialAction":[{"@type":"SearchAction","target":{"@type":"EntryPoint","urlTemplate":"https:\/\/www.rannakuteraapia.ee\/test\/?s={search_term_string}"},"query-input":{"@type":"PropertyValueSpecification","valueRequired":true,"valueName":"search_term_string"}}],"inLanguage":"et"},{"@type":"Organization","@id":"https:\/\/www.rannakuteraapia.ee\/test\/#organization","name":"R\u00c4NNAKUTERAAPIA","url":"https:\/\/www.rannakuteraapia.ee\/test\/","logo":{"@type":"ImageObject","inLanguage":"et","@id":"https:\/\/www.rannakuteraapia.ee\/test\/#\/schema\/logo\/image\/","url":"https:\/\/www.rannakuteraapia.ee\/test\/wp-content\/uploads\/2019\/04\/life-coach-flower-logo.png","contentUrl":"https:\/\/www.rannakuteraapia.ee\/test\/wp-content\/uploads\/2019\/04\/life-coach-flower-logo.png","width":60,"height":68,"caption":"R\u00c4NNAKUTERAAPIA"},"image":{"@id":"https:\/\/www.rannakuteraapia.ee\/test\/#\/schema\/logo\/image\/"}}]}},"_links":{"self":[{"href":"https:\/\/www.rannakuteraapia.ee\/test\/wp-json\/wp\/v2\/product\/398","targetHints":{"allow":["GET"]}}],"collection":[{"href":"https:\/\/www.rannakuteraapia.ee\/test\/wp-json\/wp\/v2\/product"}],"about":[{"href":"https:\/\/www.rannakuteraapia.ee\/test\/wp-json\/wp\/v2\/types\/product"}],"wp:featuredmedia":[{"embeddable":true,"href":"https:\/\/www.rannakuteraapia.ee\/test\/wp-json\/wp\/v2\/media\/1133"}],"wp:attachment":[{"href":"https:\/\/www.rannakuteraapia.ee\/test\/wp-json\/wp\/v2\/media?parent=398"}],"wp:term":[{"taxonomy":"product_brand","embeddable":true,"href":"https:\/\/www.rannakuteraapia.ee\/test\/wp-json\/wp\/v2\/product_brand?post=398"},{"taxonomy":"product_cat","embeddable":true,"href":"https:\/\/www.rannakuteraapia.ee\/test\/wp-json\/wp\/v2\/product_cat?post=398"},{"taxonomy":"product_tag","embeddable":true,"href":"https:\/\/www.rannakuteraapia.ee\/test\/wp-json\/wp\/v2\/product_tag?post=398"}],"curies":[{"name":"wp","href":"https:\/\/api.w.org\/{rel}","templated":true}]}}